) = -4*b. Let m(z) = 7*z + 1. Let u(q) = 3*m(q) + 5*v(q). Let h be (-1 + -3)*(3 + -4). List the prime factors of u(h).
7
Let q(w) be the second derivative of -w**5/5 + w**4/6 - w**2/2 + w. Let g be q(1). What are the prime factors of 5*(-2 - g) - 3?
2
Let m(p) = -2*p**3 + 5*p**2 - 2. Let h be m(4). Let g = -36 - h. Suppose -3*j + g = 2. What are the prime factors of j?
2
Let a(y) = -y**2 + 10 + y + 0*y + 5. What are the prime factors of a(0)?
3, 5
Suppose 4*y - 103 = -3*j, 4*y + 5*j - 104 = j. Suppose 0 = n - 3*b + 5, 2*n = -3*n - 4*b - y. List the prime factors of n*((-2)/(-5) + -2).
2
Let k be 4/5*10/4. Let d(h) = h**2 + h**k + 1 - 3. What are the prime factors of d(-2)?
2, 3
Suppose 2*k - 8 = 2*g, 0*k + 2*k - 12 = -2*g. Suppose 27 = k*m + 7. Suppose -m*q - 4*o = -8*o - 40, 3*o = 5*q - 52. List the prime factors of q.
11
Let u(h) = -h - 1. Let t(o) = 4*o - 3. Let y(r) = -t(r) + 5*u(r). List the prime factors of y(-2).
2
Suppose 2*z = -2*i + 8, z + 4 + 0 = i. Suppose -4*w + w + 45 = z. List the prime factors of w.
3, 5
Suppose 3*k + 3 = 12. Suppose 64 = i + k*i. What are the prime factors of i?
2
Suppose -5*y + 4*f = -f - 1740, 2*y - 701 = 3*f. Suppose -5*v - 113 = -y. Suppose -h - 5*k - 22 = -4*h, -v = -5*h - k. List the prime factors of h.
3
Suppose 3*d = -2*j + 89, -3*d + 0*j + 2*j + 85 = 0. What are the prime factors of d?
29
Suppose -4*l - 32 = -p, 5*l + 0 - 10 = 0. Suppose p = -5*o + o. Let j = 12 + o. List the prime factors of j.
2
Let a(o) = -3*o - 4. Let i(x) = 9*x + 12. Let m(q) = -17*a(q) - 6*i(q). Let k(u) = 3*u + 5. Let r be k(-4). List the prime factors of m(r).
17
Let g = 169 - 36. What are the prime factors of g?
7, 19
Suppose -14 - 41 = -r. Let o = r + -25. What are the prime factors of o?
2, 3, 5
Suppose 0 = -4*k + 3*h + 753, 6*k + 5*h - 217 = 5*k. What are the prime factors of k?
2, 3
Suppose -8 = 5*d - d. Let l(v) = -10*v - 5. Let u(m) = -m - 1. Let t(r) = l(r) - 4*u(r). What are the prime factors of t(d)?
11
Let p be 3 + -1*(0 - 0). Suppose 0*m + p*m = 0. List the prime factors of m*(-2)/6 - -4.
2
Let l = 29 - 11. List the prime factors of l.
2, 3
Let z be 78/12 - 1/(-2). Let x = z - -2. Let s = x + -4. What are the prime factors of s?
5
Let j(i) = i**2 - 7*i - 6. Let q be j(8). Suppose 53 = 2*l - 3*g - q*g, 4*g + 76 = 4*l. What are the prime factors of l?
2, 7
List the prime factors of -2 - (1 + 0 + -55).
2, 13
What are the prime factors of (8/10)/((-12)/(-600))?
2, 5
Let d(b) = b**2 + b - 4. What are the prime factors of d(5)?
2, 13
Suppose -2*j + 0*j = -5*a - 33, 5*j = a + 25. What are the prime factors of 2/a + (-154)/(-35)?
2
Suppose u + 10 = -54. Let v = u + 90. List the prime factors of v.
2, 13
Let n(j) = 2*j**2 - 7*j - 13. List the prime factors of n(6).
17
Let m(u) = -2*u + 12. Let i be m(6). What are the prime factors of (-3 - -4) + i + 1?
2
List the prime factors of (5/15)/(1/33).
11
Suppose 0 = -5*v + 15, d = 2*v + 8 + 6. What are the prime factors of d?
2, 5
Suppose -3*z - 5*l = -306, 0 = -4*z - 7*l + 2*l + 413. List the prime factors of z.
107
Let k = 20 - -40. List the prime factors of k.
2, 3, 5
Let q(w) = -w**2 - 3*w - 2. Let v be q(-2). Let y be (v - 0)/(-1*1). Suppose m - 17 = -5*t + 4*m, y = 5*m - 5. List the prime factors of t.
2
Let d be (-196)/10 + 9/15. Suppose 5*y = -4*h - 124, -4*h + 4*y = -h + 93. Let q = d - h. List the prime factors of q.
2, 3
Suppose 5*x = -0*x + 15. Suppose x*h = -h - 12. What are the prime factors of 6/5*(-10)/h?
2
Let l(a) = a**2 - 7*a + 4. Let z be l(7). Let t = z + -6. List the prime factors of t - (-2)/2 - -4.
3
Let k(t) = -7 - 4 + 7 + 2*t. Let o(l) = l**2 + 4*l + 3. Let w be o(-4). List the prime factors of k(w).
2
Let c = 154 + -59. List the prime factors of c.
5, 19
Let t(k) = -k**2 + 5*k + 2. Let r be t(5). Suppose r*a - 5*h = -a + 29, -h - 10 = -2*a. Suppose b = a + 5. List the prime factors of b.
2
Let h = 14 - 8. Let z(i) = i**3 - 6*i**2 + 3*i + 5. Let v be z(h). Suppose -59 = -3*a - v. What are the prime factors of a?
2, 3
Suppose -5*m + 111 = 2*z - 109, -3*m - z + 132 = 0. What are the prime factors of m?
2, 11
Let i(x) = -3*x**3 - 2*x**2 + x - 1. Let o be i(-2). Suppose 5*m - o + 3 = 0. Suppose l + 6 = m*l. List the prime factors of l.
2, 3
Let x(w) = -w**2 + 5*w - 2. Let k be x(4). Suppose k*f + f - 48 = 0. Suppose -f = -2*q + 2. What are the prime factors of q?
3
Let m(i) = -2*i**3 - i**2 + i + 243. What are the prime factors of m(0)?
3
Suppose 0 = 9*c - 8*c - 37. List the prime factors of c.
37
List the prime factors of 39/52*(-128)/(-2).
2, 3
Let d(z) = z**3 - 2*z**2 - 3*z. Let y be d(3). Suppose -6 = -3*w - y*w. Let u = 4 + w. List the prime factors of u.
2, 3
Let o(x) be the third derivative of 0*x + 1/60*x**5 + 1/6*x**3 + 0*x**4 + 2*x**2 + 0. What are the prime factors of o(4)?
17
Let b(q) = -11*q. Let t(j) = j - 12. Let y be t(11). What are the prime factors of b(y)?
11
Suppose 4*h = l + 1 + 23, 0 = 5*l - 2*h + 84. Suppose 8 = -4*k, 2*k = 5*i - 2*k + 132. Let b = l - i. What are the prime factors of b?
2, 3
Suppose 5*j - 17 = 3. Suppose -18 - 10 = j*a. Let l = a + 13. What are the prime factors of l?
2, 3
Suppose -22 - 63 = -5*z. List the prime factors of z.
17
Let s be ((-8)/(-12))/((-4)/(-174)). Let n = s - 11. List the prime factors of n.
2, 3
Suppose l - 105 = 2*q, 1 + 4 = -5*l. Let v = -32 - q. List the prime factors of v.
3, 7
Let v = 2 + -12. What are the prime factors of (-13)/65 - 32/v?
3
Let q(l) be the second derivative of l**3/3 + 9*l**2/2 - 9*l. What are the prime factors of q(7)?
23
Suppose 3*v + 6 = 5*v. Let g(a) = 3*a + 6. Let z be g(5). Suppose 0*b = v*b - z. List the prime factors of b.
7
Let h = -74 + 36. Let l = -14 - h. What are the prime factors of l?
2, 3
Let q(d) = -d + 4. Let f be q(-3). Suppose -3*m + f = -2*m. List the prime factors of m.
7
Let b = 66 - 117. Let s = b + 78. Let i = s + -16. List the prime factors of i.
11
Let g = -137 - -470. Suppose -5*y - 1069 = -4*n - 225, 3*n = -2*y - g. List the prime factors of y/(-20) - 4/10.
2
Let l(u) = u**3 + 14*u**2 + 12*u - 6. What are the prime factors of l(-13)?
7
Suppose 3*r - 2*g - 5 = -1, 4*g - 6 = -r. Suppose a - 4*o + 14 = 0, -2*a + 3*o = 5*o - r. What are the prime factors of (-8)/(-5)*(-5)/a?
2
Let o(f) = f**2 + 13*f - 2. Let z be o(-13). List the prime factors of ((-84)/1)/z + 1.
43
Let r = 357 - -5. List the prime factors of r.
2, 181
Suppose -2*y = -4*o - 0 - 8, 4*o - 5*y + 8 = 0. What are the prime factors of 18/4 + o/(-4)?
5
Suppose 11 = x - 2*s, -s - 3 + 0 = 0. Let i(p) = 2 + 4*p**2 - p**3 + 0*p**3 + 1 + x*p. What are the prime factors of i(5)?
3
Suppose 0 = 13*x - 1440 - 354. What are the prime factors of x?
2, 3, 23
Let f(o) = o**2 + 5*o + 6. Let t be f(-5). Let j be (-2*t)/3*-1. Suppose -28 = a - 2*a + 4*n, -j*a - 2*n + 40 = 0. List the prime factors of a.
2, 3
Let z = 10 - 5. List the prime factors of z.
5
What are the prime factors of 831/2*(-2)/(-3)?
277
Suppose 2*m + 10 = z + 3*m, 3*z = m + 14. What are the prime factors of z?
2, 3
Suppose h - 3*h - 48 = -c, c - 4*h = 54. What are the prime factors of c?
2, 3, 7
Suppose m = -5, 4*s + 55 = 7*s - 2*m. What are the prime factors of -3 + s - -2 - -2?
2
What are the prime factors of 6 - (1 + 2) - -5?
2
Let u(t) = t**2 + 6*t - 4. List the prime factors of u(7).
3, 29
Suppose -4*n + 5 + 75 = 0. Suppose -6*s + 2*s - n = 0. What are the prime factors of (-32)/(-3) + s/(-15)?
11
Let g = -2 - -6. List the prime factors of ((-3)/4)/(g/(-64)).
2, 3
Suppose x = -4*p - 0*p + 178, -2*p + x = -92. Suppose -4*k = -3*k - p. Suppose 6*s - k = s. What are the prime factors of s?
3
Suppose 3*l - 4*y - 178 = -2*y, -2*l - 4*y + 124 = 0. What are the prime factors of l?
2, 3, 5
Let s be ((-6)/(-2) - -1) + -1. Suppose -30 + 0 = -s*o. List the prime factors of o.
2, 5
Suppose 2*u = -3*u - 4*s - 10, 2*u - 29 = 5*s. Let y = 9 + u. List the prime factors of y.
11
Let u(s) = 14*s + 14. Let f be u(8). Let r = f - 87. List the prime factors of r.
3, 13
Suppose -30 - 20 = -5*k + 2*r, -3*k = -4*r - 16. Suppose -2*b + 5*y = -43, 3*b - 5*y = -b + 61. What are the prime factors of (-6)/(-4)*k/b?
2
Let l = -184 + 98. List the prime factors of (l/4)/(2/(-4)).
43
Let x = 7 + -3. Suppose 0 = -g + 3 + 1. Suppose 21 = 2*f + f - 3*t, -x*f = g*t - 